{"id":279,"date":"2021-12-21T20:26:25","date_gmt":"2021-12-21T19:26:25","guid":{"rendered":"https:\/\/devdoweb.com\/panoptikum\/?page_id=279"},"modified":"2025-10-19T17:36:16","modified_gmt":"2025-10-19T15:36:16","slug":"tickets-preise","status":"publish","type":"page","link":"https:\/\/festival-panoptikum.de\/en\/tickets-preise\/","title":{"rendered":"Tickets &amp; Pricing"},"content":{"rendered":"<div class=\"wp-block-buttons is-layout-flex wp-block-buttons-is-layout-flex\"><\/div>\n\n\n\n<p><\/p>\n\n\n\n<h3 class=\"wp-block-heading\" id=\"cc-m-header-9095556714\">Eure Ansprechpartnerinnen<\/h3>\n\n\n\n<p>Wiebke Schwegler | <a href=\"http:\/\/tel.+49911600050\" data-type=\"URL\" data-id=\"tel.+49911600050\">(0911) 6000 50<\/a><br>Wally Geyermann (f\u00fcr Fachbesucher:innen) | <a href=\"http:\/\/tel.+499116000521\" data-type=\"URL\" data-id=\"tel.+499116000521\">(0911) 6000 521<\/a> <br><a href=\"mailto:tickets@festival-panoptikum.de\" target=\"_blank\" rel=\"noreferrer noopener\">tickets@festival-panoptikum.de<\/a><\/p>\n\n\n\n<h3 class=\"wp-block-heading\" id=\"preise\">Prices<\/h3>\n\n\n\n<p><strong>Children<\/strong> <br>regular price<br>disability card<br>Lokal newspaper card<\/p>\n\n\n\n<p><strong>Student<\/strong><br>regular price<br>disability card<br>ZAC-Karte 8,80 \u20ac<\/p>\n\n\n\n<p><strong>adult<\/strong><br>regular price<br>disability card<br>lokal newspaper card\u00a0<\/p>\n\n\n\n<p>Kindergartens, schools, after-school care centres and groups of 10 or more people: \u20ac7.50 (up to three accompanying adults per class\/group are free, each additional accompanying adult pays \u20ac7).<\/p>\n\n\n\n<p>Tickets for german trade visitors: 9 euros<\/p>\n\n\n\n<p>Alle Eintrittskarten gelten als Fahrschein im Gesamtraum des&nbsp;<a class=\"\" href=\"http:\/\/www.vgn.de\/\" target=\"_blank\" rel=\"noreferrer noopener\">VGN<\/a>&nbsp;All tickets are valid as travel tickets throughout the entire lokal public transportation network and on DB 2nd class trains throughout the entire network for travel to and from the theatre from 4 hours before the performance until the end of service.<\/p>\n\n\n\n<h3 class=\"wp-block-heading\" id=\"rabatte-nicht-kombinierbar\">Discount<\/h3>\n\n\n\n<p>20 % for ZAC card holders (only at the advance booking offices of the N\u00fcrnberger Nachrichten and the affiliated local newspapers as well as on&nbsp;<a href=\"https:\/\/tickets.nordbayern.de\/\" target=\"_blank\" rel=\"noreferrer noopener\">www.nn-ticketcorner.de<\/a>)<\/p>\n\n\n\n<p>50 % for holders of a Nuremberg Pass or a severely disabled pass.<\/p>\n\n\n\n<h3 class=\"wp-block-heading\" id=\"der-weg-zur-eintrittskarte\">How to order tickets<\/h3>\n\n\n\n<ul class=\"wp-block-list\">\n<li>via order form <a href=\"https:\/\/festival-panoptikum.de\/en\/einzelbestellung\/\">Einzelbesucher:innen<\/a> oder <a href=\"https:\/\/festival-panoptikum.de\/en\/gruppenbestellung\/\">Gruppen<\/a> <\/li>\n\n\n\n<li>via <a rel=\"noreferrer noopener\" href=\"mailto:tickets@festival-panoptikum.de\" target=\"_blank\">E-Mail<\/a><\/li>\n\n\n\n<li>via phone <a rel=\"noreferrer noopener\" href=\"tel:+49911600050\" target=\"_blank\">(0911) 600050<\/a><\/li>\n\n\n\n<li>via <a rel=\"noreferrer noopener\" href=\"https:\/\/panoptikum.reservix.de\/events\" target=\"_blank\">Reservix<\/a> (print@home) and all presale agencies (including presale charge)<\/li>\n<\/ul>\n\n\n\n<p>If you order directly from us, we will be happy to send the tickets with an invoice for a small extra charge.<\/p>\n\n\n\n<p>Bei Buchungen f\u00fcr Schulen, Kinderg\u00e4rten oder Horte k\u00f6nnen <a href=\"https:\/\/www.nuernberg.de\/internet\/sozialamt\/bildung_und_teilhabe.html\" target=\"_blank\" rel=\"noreferrer noopener\">Bildungsgutscheine<\/a> eingesetzt werden. Die Abrechnung der Gutscheine erfolgt \u00fcber das Schulamt und nicht im Theater.<\/p>\n\n\n\n<h3 class=\"wp-block-heading\" id=\"tageskassen\">Box office<\/h3>\n\n\n\n<p>All box offices open one hour before the performance for public performances and 45 minutes before the performance for school performances.<\/p>\n\n\n\n<h3 class=\"wp-block-heading\" id=\"unsere-altersvorgaben\">Age Requirements<\/h3>\n\n\n\n<p>In our productions we always have our audience in mind and the stated minimum age of 4+, 6+ etc. is set by us with care and consideration. We therefore ask you to adhere to these age guidelines - even if you think your child is \"already ready\". Thank you for your trust and understanding!<\/p>","protected":false},"excerpt":{"rendered":"<p>Eure Ansprechpartnerinnen Wiebke Schwegler | (0911) 6000 50Wally Geyermann (f\u00fcr Fachbesucher:innen) | (0911) 6000 521 tickets@festival-panoptikum.de Preise Kinder Normalpreis 9,00 \u20acMit Behindertenausweis \/ N\u00fcrnbergpass 5,00 \u20acZAC-Karte 7,20 \u20ac Student*in\/Azubi\/FSJNormalpreis 12,00 \u20acMit Behindertenausweis \/ N\u00fcrnbergpass 6,50 \u20acZAC-Karte 8,80 \u20ac Erwachsene*rNormalpreis 14,00 \u20acMit Behindertenausweis \/ N\u00fcrnbergpass 8,00 \u20acZAC-Karte 10,40 \u20ac\u00a0 Kinderg\u00e4rten, Schulen und Horte sowie Gruppen ab [&hellip;]<\/p>","protected":false},"author":3,"featured_media":1917,"parent":0,"menu_order":6,"comment_status":"closed","ping_status":"closed","template":"","meta":{"footnotes":""},"class_list":["post-279","page","type-page","status-publish","has-post-thumbnail","hentry"],"_links":{"self":[{"href":"https:\/\/festival-panoptikum.de\/en\/wp-json\/wp\/v2\/pages\/279","targetHints":{"allow":["GET"]}}],"collection":[{"href":"https:\/\/festival-panoptikum.de\/en\/wp-json\/wp\/v2\/pages"}],"about":[{"href":"https:\/\/festival-panoptikum.de\/en\/wp-json\/wp\/v2\/types\/page"}],"author":[{"embeddable":true,"href":"https:\/\/festival-panoptikum.de\/en\/wp-json\/wp\/v2\/users\/3"}],"replies":[{"embeddable":true,"href":"https:\/\/festival-panoptikum.de\/en\/wp-json\/wp\/v2\/comments?post=279"}],"version-history":[{"count":31,"href":"https:\/\/festival-panoptikum.de\/en\/wp-json\/wp\/v2\/pages\/279\/revisions"}],"predecessor-version":[{"id":1926,"href":"https:\/\/festival-panoptikum.de\/en\/wp-json\/wp\/v2\/pages\/279\/revisions\/1926"}],"wp:featuredmedia":[{"embeddable":true,"href":"https:\/\/festival-panoptikum.de\/en\/wp-json\/wp\/v2\/media\/1917"}],"wp:attachment":[{"href":"https:\/\/festival-panoptikum.de\/en\/wp-json\/wp\/v2\/media?parent=279"}],"curies":[{"name":"wp","href":"https:\/\/api.w.org\/{rel}","templated":true}]}}

<div class="wp-block-buttons is-layout-flex wp-block-buttons-is-layout-flex"></div>



<p></p>



<h3 class="wp-block-heading" id="cc-m-header-9095556714">Eure Ansprechpartnerinnen</h3>



<p>Wiebke Schwegler | <a href="http://tel.+49911600050" data-type="URL" data-id="tel.+49911600050">(0911) 6000 50</a><br>Wally Geyermann (für Fachbesucher:innen) | <a href="http://tel.+499116000521" data-type="URL" data-id="tel.+499116000521">(0911) 6000 521</a> <br><a href="mailto:tickets@festival-panoptikum.de" target="_blank" rel="noreferrer noopener">tickets@festival-panoptikum.de</a></p>



<h3 class="wp-block-heading" id="preise">Prices</h3>



<p><strong>Children</strong> <br>regular price<br>disability card<br>Lokal newspaper card</p>



<p><strong>Student</strong><br>regular price<br>disability card<br>ZAC-Karte 8,80 €</p>



<p><strong>adult</strong><br>regular price<br>disability card<br>lokal newspaper card </p>



<p>Kindergartens, schools, after-school care centres and groups of 10 or more people: €7.50 (up to three accompanying adults per class/group are free, each additional accompanying adult pays €7).</p>



<p>Tickets for german trade visitors: 9 euros</p>



<p>Alle Eintrittskarten gelten als Fahrschein im Gesamtraum des&nbsp;<a class="" href="http://www.vgn.de/" target="_blank" rel="noreferrer noopener">VGN</a>&nbsp;All tickets are valid as travel tickets throughout the entire lokal public transportation network and on DB 2nd class trains throughout the entire network for travel to and from the theatre from 4 hours before the performance until the end of service.</p>



<h3 class="wp-block-heading" id="rabatte-nicht-kombinierbar">Discount</h3>



<p>20 % for ZAC card holders (only at the advance booking offices of the Nürnberger Nachrichten and the affiliated local newspapers as well as on&nbsp;<a href="https://tickets.nordbayern.de/" target="_blank" rel="noreferrer noopener">www.nn-ticketcorner.de</a>)</p>



<p>50 % for holders of a Nuremberg Pass or a severely disabled pass.</p>



<h3 class="wp-block-heading" id="der-weg-zur-eintrittskarte">How to order tickets</h3>



<ul class="wp-block-list">
<li>via order form <a href="https://festival-panoptikum.de/en/einzelbestellung/">Einzelbesucher:innen</a> oder <a href="https://festival-panoptikum.de/en/gruppenbestellung/">Gruppen</a> </li>



<li>via <a rel="noreferrer noopener" href="mailto:tickets@festival-panoptikum.de" target="_blank">E-Mail</a></li>



<li>via phone <a rel="noreferrer noopener" href="tel:+49911600050" target="_blank">(0911) 600050</a></li>



<li>via <a rel="noreferrer noopener" href="https://panoptikum.reservix.de/events" target="_blank">Reservix</a> (print@home) and all presale agencies (including presale charge)</li>
</ul>



<p>If you order directly from us, we will be happy to send the tickets with an invoice for a small extra charge.</p>



<p>Bei Buchungen für Schulen, Kindergärten oder Horte können <a href="https://www.nuernberg.de/internet/sozialamt/bildung_und_teilhabe.html" target="_blank" rel="noreferrer noopener">Bildungsgutscheine</a> eingesetzt werden. Die Abrechnung der Gutscheine erfolgt über das Schulamt und nicht im Theater.</p>



<h3 class="wp-block-heading" id="tageskassen">Box office</h3>



<p>All box offices open one hour before the performance for public performances and 45 minutes before the performance for school performances.</p>



<h3 class="wp-block-heading" id="unsere-altersvorgaben">Age Requirements</h3>



<p>In our productions we always have our audience in mind and the stated minimum age of 4+, 6+ etc. is set by us with care and consideration. We therefore ask you to adhere to these age guidelines - even if you think your child is "already ready". Thank you for your trust and understanding!</p>

<p>Eure Ansprechpartnerinnen Wiebke Schwegler | (0911) 6000 50Wally Geyermann (für Fachbesucher:innen) | (0911) 6000 521 tickets@festival-panoptikum.de Preise Kinder Normalpreis 9,00 €Mit Behindertenausweis / Nürnbergpass 5,00 €ZAC-Karte 7,20 € Student*in/Azubi/FSJNormalpreis 12,00 €Mit Behindertenausweis / Nürnbergpass 6,50 €ZAC-Karte 8,80 € Erwachsene*rNormalpreis 14,00 €Mit Behindertenausweis / Nürnbergpass 8,00 €ZAC-Karte 10,40 €  Kindergärten, Schulen und Horte sowie Gruppen ab [&hellip;]</p>
